 + 14 + 65.
66
9 + (6 - (-7 + (-25 - -1)))
46
Calculate 179 + -86 + 14 + -34.
73
Evaluate 50 - (19 - -13 - (0 - -21)).
39
590 + -532 + (-5 - ((15 - (6 - 0)) + -4))
48
What is the value of -17 + (-35 - -50) + (4 - -4) + 4 + -1?
9
What is the value of 1 + (-28 - (15 + -28))?
-14
Calculate 6 + -5 + 0 + 46 + (-205 - -202).
44
1 - 27 - -2 - (-72 - (1 + 13))
62
(-2 - -1 - 1 - -3) + (-291 - -291)
1
-10 + 20 - ((7 - (-63 + -7 - 9)) + -6)
-70
Calculate -8 + -2 - -2 - (8 - 0).
-16
What is the value of (35 - 45) + -7 + (-1 - -33) - 80?
-65
What is -8 + (-26 - -6) + 22 + 4 + -1 + 24?
21
What is 63 - (1038 + -1032 - ((-3 - -2) + -2))?
54
19 + (-3 - 0 - (-32 + 48)) + 8
8
29 + (-48 - (18 - 15))
-22
What is 3 + -1 - (-80 - (-142 + 15))?
-45
-113 - -168 - (5 - -14)
36
What is the value of -15 + (11 + 0 - (57 - 42 - 5))?
-14
What is the value of (-10 - 12 - -4) + -19 + 21?
-16
What is (26 - (39 - (32 - 7))) + -9?
3
53 + 46 + -36 - 14
49
Evaluate -12 + (9 - -18) + -115 + 175.
75
What is the value of -18 + 19 + (-47 - -23) + 29?
6
What is -35 + -10 + 1 + -2 + (-13 + 9 - -6)?
-44
Calculate -231 + 1 + -12197 + 12321.
-106
(4 - -14) + (-2 - -3) - (-54 - -45)
28
What is the value of (-50 - -8) + (23 - -21)?
2
What is 1 + -41 + 13 - (8 - 3)?
-32
What is -22 + (172 + -178 - (15 - 3))?
-40
-8 - 4 - (75 + -25)
-62
Evaluate -4 - -40 - (-94 + -13 + 108).
35
Calculate (-5 - (74 + -59 + (54 - (-7 - -6)))) + 9.
-66
What is -2 + -95 + 3491 + -3424?
-30
-25 + (8 - 7) + 7 + (-94 - -46)
-65
Calculate -11 + 9 + (-251 - -212).
-41
What is 9 + 3 + -14 + 14 + -103 + -10?
-101
Calculate 11 + 7 - (-40 + 32 - -5).
21
What is the value of (1 - 3) + (-2 - -26) + 13 - -3?
38
Calculate 111 - (44 - -62) - (1 - -18).
-14
Calculate (-98 - (-100 + 14)) + -31.
-43
Calculate -11 + (0 - 30 - (51 - (110 - 45))) + 68.
41
What is 4 - (4 - 14 - 5 - -12)?
7
What is -3 + (-1 - 2 - (8 - 2) - (175 + -133))?
-54
What is the value of 17 - 0 - -7 - (-8 + 3 - -12)?
17
-562 + 556 - (2 + -1 - -20)
-27
What is the value of (-99 - -45) + 42 + -42?
-54
Calculate -1 + -18 - -50 - ((-43 - -30) + 8).
36
Calculate 0 + 4 + 6 + -25 + -4 + (1 - -14).
-4
Evaluate -15 - (-6 + 21 + -29) - -5.
4
Calculate 51 + -55 + 10 + -124.
-118
What is 38 + -6 + -19 + -52 + 71?
32
23976 - 23974 - (1 + 31 + 0)
-30
Evaluate (3 + -3 + -4 - (1 + 46)) + 40 + -32.
-43
Calculate (-128 - (-96 - -30)) + 126.
64
What is the value of (-363 - -143) + 121 - -51?
-48
21 - (44 - (-27 - -66))
16
Evaluate (5 + (-2 - (7 + -3)) - -14) + (-185 - -195).
23
What is -9 - (107 + 10 + -14) - (-30 + (26 - 1))?
-107
Evaluate 1802 + -1794 + (-3 - -4 - 41).
-32
Evaluate 60 + 22 + 0 + (-65 - -15).
32
Calculate 101 - (17 - -93) - -83.
74
What is (10 - (1 + 1)) + (-25 - (-13 + 3 + -12))?
5
What is 516 + -556 + (-3 + -3 + 7 - -2)?
-37
What is the value of (-66 - 1) + 63 - (0 - 1 - (-12 + -3))?
-18
What is -6 - (1 + -131) - (-4 - 0 - (-226 - -225))?
127
-612 - -639 - (-2 + 53)
-24
Calculate -2 + 40 + 1 + 22 + (-72 - (-48 + 0)).
37
(403 + -413 - (0 + -6)) + 2
-2
Calculate (133 + -116 - (31 - -1)) + -41.
-56
(-2 - -2) + (0 - -4) - (-2034 - -2052)
-14
What is the value of 10 + (0 - (15 + -9 + 7)) - 6?
-9
8 + -6 + (2 - -11 - (32 - 15))
-2
10 + (-17 - -12) + 23 + (9 - 2) + -3
32
Evaluate (32 - 109 - -63) + 14 + -1.
-1
231 + -277 + -56 - (-22 + 0)
-80
Calculate ((-133 - -37) + -1 - (1 + 2)) + 7.
-93
Evaluate 87 + 2 + -32 + 13 + 0.
70
Evaluate (107 + -40 - 30) + (6 - -84).
127
Calculate 0 + 0 - (-28 + (7 - 10 - 4)).
35
What is the value of -8 + (3 + -2 - (2 + 7)) - 4?
-20
Evaluate -1 + -2 + -21 + (0 + -1 - (5 - 8)).
-22
22 + -29 + 13 + 0 + 4 + 0 + -2
8
What is -10 - -5 - (-8 + -70 + 3) - (11 + -15)?
74
Calculate 6 + -2 - (38 + (37 - 103)).
32
-63 - ((-1205 - -1189) + 16 + -1)
-62
What is the value of -2 + 7 - (17 - (15 - -18))?
21
Evaluate 1 + 1 + -4 - 9 - ((5 - 27) + 97).
-86
What is the value of -34 - (8 - 78 - -50)?
-14
Calculate (-3099 - -3157) + (-65 - -1).
-6
Calculate -87 + (-93 - (92 + -198)).
-74
Calculate 1 + (33 - (10 + -22 - (6 + -23))).
29
-3 - (1 + -4) - (89 + -39 - 41)
-9
Evaluate -25 + (20 - 27) + -27 + 2.
-57
Calculate 32 + 1 + 0 - (-9266 + 9380).
-81
Evaluate -45 + -41 + -16 + 44 + -4.
-62
What is the value of (10 - -33) + 21 - (-61 + 104)?
21
Calculate -4 + -28 - 9 - (-98 + 99).
-42
Evaluate (-41 - -174) + (54 - 111).
76
0 - 36 - 2 - (14520 - 14639)
81
-20 + -16 + (1 - -32) + -21
-24
Evaluate (-7 - 134 - -17) + (-3 - (-21 + 3)).
-109
What is the value of 22 + (-20 - (39 + -45))?
8
What is 1 + 27 + 10 - -7 - -12?
57
Evaluate -183 - -133 - -61 - (1 + 94).
-84
-29 + (63 - 21) - -68
81
Calculate 37 - (48 + (11 - 6)).
-16
Calculate -5 - (21 - (7 - -3) - 3) - -61.
48
Evaluate -30 + 62 + -32 - (-1 + 5 - (2 + 16)).
14
Evaluate 1 + -9 + -2 + (-20 - -29) - 69.
-70
Calculate -1 - -87 - (-89 - -127).
48
What is -33 - (-67 + -9 + 42)?
1
What is -20 + -23 + 36 + 17 + -2?
8
(-122 - -6) + (-10 - (14 - -1 - 16 - 11))
-114
Calculate 31 + ((-15 - -15 - 7) + -12 - -14).
26
Calculate (-17 - 35) + 13 + 2 - (-9 + (1 - 0)).
-29
What is (82 - -1) + 2 - (-116 - (-52 + -75))?
74
4 + 7 + 25 + -36 + -5
-5
10 + -4 + 5 + -1 + -3 + -7
0
What is the value of -57 - (-7 + -25 - 40)?
15
Calculate ((0 - -6) + -7 - 3) + -621 + 577.
-48
What is the value of -5 - (19 + 9) - -72?
39
Evaluate (609 - 620) + 12 + (-2 - -3) + 23.
25
Evaluate 47 - (-17 + (21 - -6)).
37
Calculate (33 - (-21 + 62)) + (5 - (0 + 20)).
-23
What is the value of (56 - (44 + 68)) + 1 + 0 + (-15 - -12)?
-58
What is the value of -1 + -3 + -3 + (0 + 14 - (10 - -20))?
-23
What is 2318 + -2335 - (1 + (-1 - -64))?
-81
What is the value of 16 + 34 + -59 + 62?
53
-55 + (74 - 21) - 19
-21
5 + 8 + -48 + 36 + (1 - 43)
-41
Evaluate (-2 - 1) + (3 - -3 - 13) + (-12 - -1).
-21
Calculate -37 + 1 + -19 + 34.
-21
Evaluate 15 - (-18 - -15) - 32 - 28.
-42
What is 111 - (6 + (-14 - 4) + -12 + (11 - -5))?
119
22 + 3 - ((-3 - -6) + 3 - (-4 + 9))
24
20 - (-7 + (-3 + 28 - -1))
1
What is -4 - (57 - (-3 + (-7 - -12) - -11))?
-48
What is the value of (2 - -37) + (1531 - 1578) + 1 + (-3 - -1)?
-9
1 - (5 - (-11 + 1)) - -4
-10
What is -20 + 29 - (10 + 6 - 20)?
13
Evaluate 0 - 56 - (-1084 + 1058).
-30
18 + -42 + (62 - 49) - 55
-66
What is (-12 - (75 + 26)) + 189?
76
What is the value of (67 - -2) + -1199 + 1207?
77
What is 260 + -229 + (33 - (1 - 2))?
65
What is 21 - (23 + -7) - 42?
-37
What is 90 + 28 + -52 + -23 + 15?
58
What is the value of (9 - 13) + -73 - (26 + -1 + -27)?
-75
What is the value of 102 + -211 - (2 - 26)?
-85
Evaluate (7 - -8) + 16 + -13 + -13.
5
21 + -11 + -2 + (0 - 1) + -2 + 0
5
What is the value of 102 + -108 + 52 - (-1 - (3 - 20))?
30
Calculate -18 - 1 - (-2 + 10 + -10 + 7) - -11.
-13
12 - 1 - (-146 - (-96 + -15))
46
Evaluate -51 + (104 - 30) + -24.
-1
What is the value of (-2 + 17 - (-112 - -119)) + 12?
20
What is -19 + (14 - (-21 + -20 + 51 - (-5 - -1)))?
-19
Calculate (-61 - -7) + -1 + 7 + (34 - 32).
-46
What is the value of (37 - 6) + -75 - -18?
-26
What is (-109 - -34 - -40) + 120?
85
130 + (10 + -59 - -17) + 25 + -3
120
Calculate 73 + (-84 - -77) + 19.
85
Evaluate -71 - -2 - (-112 + 64).
-21
15 + (3 + 8 - -3) + -36 + 46
39
What is the value of -40 + 69 + (-22 - -25)?
32
Evaluate (12 - (-30 + 15 - (-46 - -8))) + -37.
-48
9 - 10 - (394 - 303)
-92
What is the value of 185 - 15 - (-115 - -205)?
80
Evaluate -59 - (-5 + 45 + -184).
85
What is the value of (-14 - -31) + 5 + (-16 - (-5 + -4)) + 22?
37
Calculate -1473 - -1569 - (-5 + 148).
-47
-1 - 0 - (90 - 117 - -44)
-18
Calculate -108 - (21 + (-13 + 4 - -20) + -19).
-121
4 - ((-3 - -28) + ((-14 - 3) + 7 - -11))
-22
Calculate -2 + -24 + 998 + -943.
29
What is the value of (-119 - (-179 + 119)) + (-2 - 0)?
-61
What is the value of (4 - 5) + -191 + 192?
0
What is -123 + 37 - -222 - 286?
-150
What is the value of 715 + -642 + 9 + -91?
-9
45 + (4 - -8) + -2 + 1 + -22 + 21
55
(1 - 5 - -5 - -3 - 0) + (-1208 - -1217)
13
Evaluate (12 - 19) + (-128 - -154).
19
Evaluate 0 + -2 - (-40 + (56 - 58)).
40
-58 + (-31 - -60) + 21 - 67
-75
-17 - (-35 + 39 + (50 - 4 - 10))
-57
What is (-56 - -46) + 35 - 35?
-10
What is the value of (-17 - 17 - -14) + 20 - -17 - -60?
77
What is (-1 - 68) + -725 + 777?
-17
What is the value of -80 - (-4 + (-26 - (-40 - -18)))?
-72
What is 1 + 37 + (-1917 - -1902)?
23
Cal